{"id":4080,"date":"2018-06-22T17:50:38","date_gmt":"2018-06-22T20:50:38","guid":{"rendered":"https:\/\/www.encontraribeiraopreto.com.br\/sobre\/?page_id=4080"},"modified":"2019-06-28T10:59:25","modified_gmt":"2019-06-28T13:59:25","slug":"teatro-municipal-de-ribeirao-preto","status":"publish","type":"page","link":"https:\/\/www.encontraribeiraopreto.com.br\/sobre\/teatro-municipal-de-ribeirao-preto\/","title":{"rendered":"Teatro Municipal de Ribeir\u00e3o Preto"},"content":{"rendered":"<div class=\"cd7ef838bed10b2b4567f853226bc383\" data-index=\"1\" style=\"float: none; margin:0px;\">\n<!-- Anuncio display - global -->\r\n<ins class=\"adsbygoogle\"\r\n     style=\"display:block\"\r\n     data-ad-client=\"ca-pub-8585364105181520\"\r\n     data-ad-slot=\"8789329856\"\r\n     data-ad-format=\"auto\"\r\n     data-full-width-responsive=\"true\"><\/ins>\r\n<script>\r\n     (adsbygoogle = window.adsbygoogle || []).push({});\r\n<\/script>\r\n\n<\/div>\n<p>O <strong>Teatro Municipal de Ribeir\u00e3o Preto<\/strong> inaugurado em 1969 com linhas modernas faz parte do Complexo Cultural Morro do S\u00e3o Bento.<\/p>\n<p>Com um palco em estilo italiano e plateia com capacidade para 515 pessoas, \u00e9 cen\u00e1rio para espet\u00e1culos de arte, dan\u00e7a e m\u00fasica.<\/p>\n<p><img loading=\"lazy\" decoding=\"async\" class=\"alignnone wp-image-4082 size-full\" title=\"Teatro Municipal de Ribeir\u00e3o Preto\" src=\"https:\/\/www.encontraribeiraopreto.com.br\/sobre\/wp-content\/uploads\/teatro-municipal-de-ribeirao-preto.jpg\" alt=\"Teatro Municipal de Ribeir\u00e3o Preto\" width=\"680\" height=\"189\" srcset=\"https:\/\/www.encontraribeiraopreto.com.br\/sobre\/wp-content\/uploads\/teatro-municipal-de-ribeirao-preto.jpg 680w, https:\/\/www.encontraribeiraopreto.com.br\/sobre\/wp-content\/uploads\/teatro-municipal-de-ribeirao-preto-300x83.jpg 300w\" sizes=\"(max-width: 680px) 100vw, 680px\" \/><\/p>\n<p>Por ser um lugar arborizado e amplo, \u00e9 usado tamb\u00e9m para eventos culturais.<\/p>\n<p>Passou por reformas gerais nos anos de 1987 e 2000 e mais recentemente, em 2017, os 8 camarins foram renovados e novos equipamentos de som instalados.<\/p>\n<p>O teatro conta, ainda, com um anfiteatro para ensaio e estacionamento com capacidade de aproximadamente 40 carros.<\/p>\n<p><strong>Ficha T\u00e9cnica<\/strong><\/p>\n<p><strong><em>Sagu\u00e3o<\/em><\/strong><br \/>\nCapacidade para 500 pessoas. Acesso por meio de cinco portas duplas antecedidas por escadarias e rampa de acesso para deficiente f\u00edsico. Acesso para 30 pessoas ao redor de uma floreira central.<br \/>\nSanit\u00e1rios femininos e masculinos. Cortina.<\/p>\n<p><strong><em>Bilheteria<\/em><\/strong><br \/>\nDois guich\u00eas ligados diretamente \u00e0 Administra\u00e7\u00e3o do Teatro. O acesso do p\u00fablico \u00e0 bilheteria \u00e9 externo. A bilheteria localiza-se na parte frontal do teatro.<\/p>\n<p><strong><em>Audit\u00f3rio<\/em><\/strong><br \/>\nCapacidade para 515 pessoas sentadas em poltronas estofadas e numeradas. Acesso atrav\u00e9s de duas antec\u00e2maras. Amplos corredores de circula\u00e7\u00e3o. Ar condicionado. Duas sa\u00eddas de emerg\u00eancia.<\/p>\n<p><strong><em>Ar Condicionado<\/em><\/strong><br \/>\nSistema de ar condicionado para plateia equipado de atenuadores de ru\u00eddo.<\/p>\n<p><strong><em>Camarins<\/em><\/strong><br \/>\nSeis camarins cont\u00edguos ao fundo do palco, sendo quatro de 3,50m x 2,50m e dois de 4m x 3,50m, servidos por tr\u00eas banheiros com chuveiros, anexos.<\/p>\n<p><strong>Rider T\u00e9cnico &#8211; Teatro Municipal<\/strong><\/p>\n<ul>\n<li>Palco 12 x 12m<\/li>\n<li>Altura 7m<\/li>\n<li>08 pernas sendo 4 de cada lado<\/li>\n<li>01 cortina vermelha que fecha o palco<\/li>\n<li>01 rotunda preta<\/li>\n<li>07 varas de cen\u00e1rio maquinada<\/li>\n<li>04 varas de luz maquinada<\/li>\n<li>01 barra de Luz fixa<\/li>\n<li>01 passarela<\/li>\n<li>03 m de proc\u00eanio<\/li>\n<li>11m urdimento<\/li>\n<\/ul>\n<p><strong>Equipe de Trabalho<\/strong><\/p>\n<ul>\n<li>01 Maquinista &#8211; T\u00e9cnico<\/li>\n<li>01 T\u00e9cnico de Luz<\/li>\n<li>01 Operador de som<\/li>\n<li>01 Mec\u00e2nico C\u00eanico<\/li>\n<\/ul>\n<p><strong>Ilumina\u00e7\u00e3o<\/strong><\/p>\n<ul>\n<li>01 mesa, 96 canais dispon\u00edveis, Mesa ETC 125 Express.<\/li>\n<li>01 mesa X1 1024 Lighting Controller.<\/li>\n<li>24 submasters manuais com flash botton, cross fader manual\/ temporizado.<\/li>\n<li>05 Dimer Box Ditel demultiplexados com 12 canais cada.<\/li>\n<li>71 P.C. de 1000w<\/li>\n<li>19 Fresneis 1000w<\/li>\n<li>29 L\u00e2mpadas par 64 foco 5<\/li>\n<li>19 Set Light 1000w mais 03 para ilumina\u00e7\u00e3o da plat\u00e9ia<\/li>\n<li>09 Elipsoidais 36 graus 1000w (sendo 07 com Iris)<\/li>\n<li>01 Passarela com duas barras de fixa\u00e7\u00e3o de refletores sendo que a superior disp\u00f5e de 10 linhas paralelas (32 tomadas)<\/li>\n<li>04 Barras dentro do palco com 12 linhas paraleladas (24 tomadas)<\/li>\n<li>06 Torres laterais com 04 saidas de ch\u00e3o dimerizadas (06 sa\u00edda de 110V e 06 sa\u00edda de 220V<\/li>\n<\/ul>\n<p><strong>Som<\/strong><\/p>\n<p>01 mesa de som Yamaha 01V 96 digital &#8211; 16 canais digital<br \/>\n02 Numark que l\u00ea MP3 e entrada USB (n\u00e3o l\u00ea DVD)01 Processador Beringer]<br \/>\n06 Pedestais para palco<br \/>\n04 Caixas ac\u00fasticas para grave (embaixo do palco)<br \/>\n08 caixas ac\u00fasticas para m\u00e9dio e agudo (lateral esquerda do palco)<br \/>\n02 Side de retorno com 02 alto falantes<br \/>\n01 Pot\u00eancia de 750w, localizada na t\u00e9cnica<br \/>\n02 Caixas de retorno, localizadas na t\u00e9cnica<br \/>\nPot\u00eancia Palco &#8211; Lado Direito<br \/>\n02 de 1800 DB<br \/>\n01 de 720 DB<br \/>\n01 de 4000 DB<br \/>\nPot\u00eancia Palco &#8211; Lado Esquerdo<br \/>\n01 de 720 DB<br \/>\n03 de 1800 DB<br \/>\n01 de 4000 DB<br \/>\n01 Multicabo interligado a mesa da t\u00e9cnica (com sa\u00eddas do lado direito e esquerdo para o palco)<br \/>\nPASSARELA COM 32 PCs &#8211; do 01 ao 16<br \/>\n08 BR; 08 AZ; 08 AM; 08 VM<\/p>\n<ul>\n<li>BARRA FIXA &#8211; do 18 ao 30<\/li>\n<li>BARRA 01- do 31 ao 42; Com 16 SET<\/li>\n<li>BARRA 02 &#8211; 03 canais;<\/li>\n<li>BARRA 03 &#8211; 08 canais;<\/li>\n<li>BARRA 04 &#8211; 08 canais;<\/li>\n<\/ul>\n<p>PC 59 REFLETORES<br \/>\nELIPSON 09 DE 36 GRAUS SENDO 07 COM IRIS<br \/>\n05 ELIPSON DE 19 GRAUS LED<br \/>\nELIPSON 04 TELEM<br \/>\nSET LIGHT 19<br \/>\n20 PAR LED<br \/>\nLAMPADA PAR FOCO 05 22<br \/>\nMESA DE LUZ ETC EXPRESSO 24 canais<br \/>\nMESA DE SOM YAMAHA 01V<br \/>\n02 CDJS NUNARK NDX400<br \/>\n02 MICROFONES SEM FIO ( se for utiliz\u00e1-lo, providenciar pilha AA)<br \/>\n02 MICRFONES COM FIO<\/p>\n<p>OBS: AS MESAS DE SOM E DE LUZ S\u00c3O SEPARADAS, PORTANTO, EM CASO DE OPERA\u00c7\u00c3O PELO MESMO PROFISSIONAL, PROVIDENCIAR UM NOTE BOOK OU R\u00c1DIO QUE TOCA CD E CABO P2 CANON MACHO.<\/p>\n<p>OBS 2: AS VARAS DE ILUMINA\u00c7\u00c3O E CEN\u00c1RIO DO TEATRO N\u00c3O PODEM SER UTILIZADAS PARA MONTAGEM DE MOVING LIGHTS. HAVENDO NECESSIDADE DO USO DE TAL EQUIPAMENTO, \u00c9 DE INTEIRA RESPONSABILIDADE DO PRODUTOR A LOCA\u00c7\u00c3O DO BOX TRUSS.<\/p>\n<h2>Teatro Municipal De Ribeir\u00e3o Preto Agenda<\/h2>\n<p>Para ver a <em>agenda<\/em> completa acesse o site.<\/p>\n<h3>Teatro Municipal Ribeir\u00e3o Preto Ingressos<\/h3>\n<p>Voc\u00ea pode comprar seus<span style=\"text-decoration: underline;\"> ingressos<\/span> atrav\u00e9s do site.<\/p>\n<h3>Onde Fica,\u00a0Endere\u00e7o e Telefone Teatro Municipal de Ribeir\u00e3o Preto<\/h3>\n<ul>\n<li>Via S\u00e3o Bento, 48 &#8211; Campos El\u00edsios &#8211; Ribeir\u00e3o Preto &#8211; SP<\/li>\n<li>Telefone: (16) 3625-6841<\/li>\n<\/ul>\n<h4>Outras informa\u00e7\u00f5es e site<\/h4>\n<ul>\n<li>Mais informa\u00e7\u00f5es: <a href=\"http:\/\/teatromunicipalrp.blogspot.com\/\" target=\"_blank\" rel=\"noopener noreferrer\">www.teatromunicipalrp.blogspot.com\/<\/a><\/li>\n<\/ul>\n<h4>Mapa de localiza\u00e7\u00e3o<\/h4>\n<a class=\"wp-colorbox-iframe\" href=\"https:\/\/www.google.com\/maps\/embed?pb=!1m14!1m8!1m3!1d14882.001662842591!2d-47.7992834!3d-21.172271!3m2!1i1024!2i768!4f13.1!3m3!1m2!1s0x00xdeda056ec76eaec1!2sTeatro+Municipal+de+Ribeiro+Preto!5e0!3m2!1spt-BR!2sbr!4v1529696679774\"><img decoding=\"async\" src=\"http:\/\/www.encontrabelohorizonte.com.br\/imgs\/maps-post.png\"><\/a>\n\n<div style=\"font-size: 0px; height: 0px; line-height: 0px; margin: 0; padding: 0; clear: both;\"><\/div>","protected":false},"excerpt":{"rendered":"<p>O Teatro Municipal de Ribeir\u00e3o Preto inaugurado em 1969 com linhas modernas faz parte do Complexo Cultural Morro do S\u00e3o Bento. Com um palco em estilo italiano e plateia com capacidade para 515 pessoas, \u00e9 cen\u00e1rio para espet\u00e1culos de arte, dan\u00e7a e m\u00fasica. Por ser um lugar arborizado e amplo, \u00e9 usado tamb\u00e9m para eventos culturais. Passou por reformas gerais nos anos de 1987 e 2000 e mais recentemente, em 2017, os 8 camarins foram renovados e novos equipamentos de som instalados. O teatro conta, ainda, com um anfiteatro para ensaio e estacionamento com capacidade de aproximadamente 40 carros. Ficha <\/p>\n","protected":false},"author":1,"featured_media":0,"parent":0,"menu_order":0,"comment_status":"closed","ping_status":"closed","template":"","meta":{"footnotes":""},"class_list":["post-4080","page","type-page","status-publish","hentry"],"aioseo_notices":[],"_links":{"self":[{"href":"https:\/\/www.encontraribeiraopreto.com.br\/sobre\/wp-json\/wp\/v2\/pages\/4080"}],"collection":[{"href":"https:\/\/www.encontraribeiraopreto.com.br\/sobre\/wp-json\/wp\/v2\/pages"}],"about":[{"href":"https:\/\/www.encontraribeiraopreto.com.br\/sobre\/wp-json\/wp\/v2\/types\/page"}],"author":[{"embeddable":true,"href":"https:\/\/www.encontraribeiraopreto.com.br\/sobre\/wp-json\/wp\/v2\/users\/1"}],"replies":[{"embeddable":true,"href":"https:\/\/www.encontraribeiraopreto.com.br\/sobre\/wp-json\/wp\/v2\/comments?post=4080"}],"version-history":[{"count":0,"href":"https:\/\/www.encontraribeiraopreto.com.br\/sobre\/wp-json\/wp\/v2\/pages\/4080\/revisions"}],"wp:attachment":[{"href":"https:\/\/www.encontraribeiraopreto.com.br\/sobre\/wp-json\/wp\/v2\/media?parent=4080"}],"curies":[{"name":"wp","href":"https:\/\/api.w.org\/{rel}","templated":true}]}}