{"id":4325,"date":"2018-08-02T22:22:14","date_gmt":"2018-08-03T01:22:14","guid":{"rendered":"https:\/\/www.encontraribeiraopreto.com.br\/sobre\/?page_id=4325"},"modified":"2019-07-01T10:48:57","modified_gmt":"2019-07-01T13:48:57","slug":"serasa-ribeirao-preto","status":"publish","type":"page","link":"https:\/\/www.encontraribeiraopreto.com.br\/sobre\/serasa-ribeirao-preto\/","title":{"rendered":"Serasa Ribeir\u00e3o Preto"},"content":{"rendered":"<div class=\"cd7ef838bed10b2b4567f853226bc383\" data-index=\"1\" style=\"float: none; margin:0px;\">\n<!-- Anuncio display - global -->\r\n<ins class=\"adsbygoogle\"\r\n     style=\"display:block\"\r\n     data-ad-client=\"ca-pub-8585364105181520\"\r\n     data-ad-slot=\"8789329856\"\r\n     data-ad-format=\"auto\"\r\n     data-full-width-responsive=\"true\"><\/ins>\r\n<script>\r\n     (adsbygoogle = window.adsbygoogle || []).push({});\r\n<\/script>\r\n\n<\/div>\n<p>Presente h\u00e1 quase 50 anos no mercado brasileiro, a Serasa Experian \u00e9 respons\u00e1vel pela maior base de dados da Am\u00e9rica Latina e oferece os relat\u00f3rios mais precisos e eficazes do mercado.<\/p>\n<p>O\u00a0<strong>Serasa Ribeir\u00e3o Preto<\/strong>\u00a0apoia empresas e consumidores em suas decis\u00f5es de cr\u00e9dito e oferece solu\u00e7\u00f5es para gest\u00e3o de riscos, marketing e certifica\u00e7\u00e3o digital.<\/p>\n<p><img loading=\"lazy\" decoding=\"async\" class=\"alignnone wp-image-4327 size-full\" title=\"Serasa Ribeir\u00e3o Preto\" src=\"https:\/\/www.encontraribeiraopreto.com.br\/sobre\/wp-content\/uploads\/serasa-ribeirao-preto.jpg\" alt=\"Serasa Ribeir\u00e3o Preto\" width=\"680\" height=\"189\" srcset=\"https:\/\/www.encontraribeiraopreto.com.br\/sobre\/wp-content\/uploads\/serasa-ribeirao-preto.jpg 680w, https:\/\/www.encontraribeiraopreto.com.br\/sobre\/wp-content\/uploads\/serasa-ribeirao-preto-300x83.jpg 300w\" sizes=\"(max-width: 680px) 100vw, 680px\" \/><\/p>\n<p>Desde 2007 \u00e9 parte do grupo Experian, a maior refer\u00eancia mundial em servi\u00e7os de informa\u00e7\u00e3o. Por meio das solu\u00e7\u00f5es tecnol\u00f3gicas e inovadoras, amplia oportunidades para pessoas e empresas e trabalha para criar um amanh\u00e3 melhor.<\/p>\n<p>O Serasa denvolve as melhores solu\u00e7\u00f5es para reduzir riscos de cr\u00e9dito, evitar fraudes, vender a prazo com seguran\u00e7a, identificar parceiros, analisar fornecedores e renegociar ou recuperar d\u00edvidas.<\/p>\n<p>Para a Serasa Experian, n\u00e3o basta ser o maior banco de dados. \u00c9 fundamental garantirmos que todas as informa\u00e7\u00f5es estejam corretas, consistentes e continuamente atualizadas.<\/p>\n<p>No mundo, o Grupo Experian conta com os melhores profissionais de TI, an\u00e1lise de dados, cr\u00e9dito, analytics e demais \u00e1reas de apoio.<\/p>\n<p>O Serasa denvolve solu\u00e7\u00f5es inovadoras, traduzindo algoritmos e estudos complexos em solu\u00e7\u00f5es simples para os clientes.<\/p>\n<p>A lideran\u00e7a da Serasa Experian se amplia a cada ano porque n\u00e3o para de investir. Esta constantemente buscando novas informa\u00e7\u00f5es e realizando parcerias, para trazer o que de fato faz a diferen\u00e7a na hora de realizar um novo neg\u00f3cio.<\/p>\n<p>Tamb\u00e9m tem informa\u00e7\u00f5es dos hist\u00f3ricos dos Balan\u00e7os Patrimoniais das empresas no Brasil (cerca de 80 mil do \u00faltimo ano), o que permite realizar estudos setoriais, an\u00e1lises econ\u00f4micas e modelos de rating muito mais poderosos para agilizar o processo de an\u00e1lise de decis\u00e3o.<\/p>\n<h3>Serasa\u00a0Ribeir\u00e3o Preto Consulta Gr\u00e1tis<\/h3>\n<p>A exist\u00eancia de uma presta\u00e7\u00e3o comercial n\u00e3o paga ou o atraso no pagamento de contas diversas pode ocasionar a inclus\u00e3o do nome do inadimplente no Servi\u00e7o de Prote\u00e7\u00e3o ao Cr\u00e9dito (SPC) e no Serasa, o que criar\u00e1 muitas dificuldades para novas compras no com\u00e9rcio e realiza\u00e7\u00e3o de novos neg\u00f3cios.<\/p>\n<p>Para ajudar a quem desejar limpar o nome uma nova ferramenta foi lan\u00e7ada pelo Serasa. O famoso \u201cnome sujo\u201d poder\u00e1 ser verificado pela internet, sem necessidade de visita presencial. A nova ferramenta j\u00e1 est\u00e1 dispon\u00edvel pela companhia.<\/p>\n<h3>Hor\u00e1rio de Funcionamento Serasa Ribeir\u00e3o Preto<\/h3>\n<ul>\n<li>Segunda a sexta das 9h30 \u00e1s 15h30<\/li>\n<\/ul>\n<h3>Onde Fica,\u00a0Endere\u00e7o e Telefone Serasa Ribeir\u00e3o Preto<\/h3>\n<ul>\n<li>Avenida Presidente Vargas, 2001 &#8211; 171 e 172 &#8211; Jardim California &#8211; Ribeir\u00e3o Preto &#8211; SP<\/li>\n<li>Telefone: (11) 3003-6300<\/li>\n<\/ul>\n<h4>Outras informa\u00e7\u00f5es e site<\/h4>\n<ul>\n<li>Mais informa\u00e7\u00f5es: <a href=\"https:\/\/www.serasaexperian.com.br\/\" target=\"_blank\" rel=\"noopener noreferrer\">www.serasaexperian.com.br<\/a><\/li>\n<\/ul>\n<h4>Mapa de localiza\u00e7\u00e3o<\/h4>\n<a class=\"wp-colorbox-iframe\" href=\"https:\/\/www.google.com\/maps\/embed?pb=!1m14!1m8!1m3!1d14878.658970312674!2d-47.8102085!3d-21.2054731!3m2!1i1024!2i768!4f13.1!3m3!1m2!1s0x00x4d0b3123f8d1f873!2sSerasa+Experian!5e0!3m2!1spt-BR!2sbr!4v1533211950450\"><img decoding=\"async\" src=\"http:\/\/www.encontrabelohorizonte.com.br\/imgs\/maps-post.png\"><\/a>\n\n<div style=\"font-size: 0px; height: 0px; line-height: 0px; margin: 0; padding: 0; clear: both;\"><\/div>","protected":false},"excerpt":{"rendered":"<p>Presente h\u00e1 quase 50 anos no mercado brasileiro, a Serasa Experian \u00e9 respons\u00e1vel pela maior base de dados da Am\u00e9rica Latina e oferece os relat\u00f3rios mais precisos e eficazes do mercado. O\u00a0Serasa Ribeir\u00e3o Preto\u00a0apoia empresas e consumidores em suas decis\u00f5es de cr\u00e9dito e oferece solu\u00e7\u00f5es para gest\u00e3o de riscos, marketing e certifica\u00e7\u00e3o digital. Desde 2007 \u00e9 parte do grupo Experian, a maior refer\u00eancia mundial em servi\u00e7os de informa\u00e7\u00e3o. Por meio das solu\u00e7\u00f5es tecnol\u00f3gicas e inovadoras, amplia oportunidades para pessoas e empresas e trabalha para criar um amanh\u00e3 melhor. O Serasa denvolve as melhores solu\u00e7\u00f5es para reduzir riscos de cr\u00e9dito, evitar <\/p>\n","protected":false},"author":1,"featured_media":0,"parent":0,"menu_order":0,"comment_status":"closed","ping_status":"closed","template":"","meta":{"footnotes":""},"class_list":["post-4325","page","type-page","status-publish","hentry"],"aioseo_notices":[],"_links":{"self":[{"href":"https:\/\/www.encontraribeiraopreto.com.br\/sobre\/wp-json\/wp\/v2\/pages\/4325"}],"collection":[{"href":"https:\/\/www.encontraribeiraopreto.com.br\/sobre\/wp-json\/wp\/v2\/pages"}],"about":[{"href":"https:\/\/www.encontraribeiraopreto.com.br\/sobre\/wp-json\/wp\/v2\/types\/page"}],"author":[{"embeddable":true,"href":"https:\/\/www.encontraribeiraopreto.com.br\/sobre\/wp-json\/wp\/v2\/users\/1"}],"replies":[{"embeddable":true,"href":"https:\/\/www.encontraribeiraopreto.com.br\/sobre\/wp-json\/wp\/v2\/comments?post=4325"}],"version-history":[{"count":0,"href":"https:\/\/www.encontraribeiraopreto.com.br\/sobre\/wp-json\/wp\/v2\/pages\/4325\/revisions"}],"wp:attachment":[{"href":"https:\/\/www.encontraribeiraopreto.com.br\/sobre\/wp-json\/wp\/v2\/media?parent=4325"}],"curies":[{"name":"wp","href":"https:\/\/api.w.org\/{rel}","templated":true}]}}